 3*x**4/8 - 11*x**3/3 - 269*x**2. Calculate a(2).
-4
Let k(t) = 5*t**2 - 2*t**2 + 0 + 4 + t**3. Let i(s) = 2*s**2 - 12*s + 7. Suppose -4*v = -5*q - 6 - 9, 2*v + 5*q - 15 = 0. Let x be i(v). What is k(x)?
4
Let s(z) = 5*z**3 - 2*z**2 - 2*z - 3. Let y(h) = -6*h**3 + 2*h**2 + 2*h + 4. Let n(a) = a + 5. Let l be n(-9). Let f(v) = l*s(v) - 3*y(v). Determine f(2).
-4
Let j(m) be the second derivative of -m**5/60 + 7*m**4/24 - m**3/2 - 23*m**2/2 + 31*m. Let l(a) be the first derivative of j(a). Calculate l(8).
-11
Let i(w) = -33*w**3 - 31*w**2 - 11*w + 18. Let b(k) = -10*k**3 - 10*k**2 - 4*k + 6. Let v(z) = 10*b(z) - 3*i(z). Determine v(-5).
-9
Suppose 0 = 2*j - a - 2*a + 9, -a + 5 = 0. Let q(t) = -t**3 + 5*t**2 + 10*t - j*t + 5 - 3. Calculate q(6).
8
Suppose 15 = -y + 3*l, 4*l - 7 + 63 = -5*y. Let t be 6/y + 27/2. Suppose -3*u + 5 + t = 0. Let v(g) = 2*g - 9. Give v(u).
3
Let x(s) = -s + 1. Suppose 6*f = 3*f + 5*m + 50, 0 = f + 5*m - 10. Suppose -2*w + 4*w + 78 = 4*g, g - 4*w - 30 = 0. Let n = g - f. Give x(n).
-2
Let v(u) = u**3 - 6*u**2 + 2*u + 3. Let k be 2/(20/132 + 4/22). What is v(k)?
15
Let q(p) be the second derivative of p**4/12 + 4*p**3/3 - 7*p**2/2 - 17*p - 5. Determine q(-9).
2
Let a be (6/4)/((-6)/(-8)). Let p(v) = -v + 11 + 2*v**a - 8 + 4*v. Give p(-2).
5
Let g = -88 + 102. Let y(v) = v**2 - 14*v + 9. Give y(g).
9
Let v(t) = -t**3 - 8*t**2 - 8. Let m(u) be the first derivative of u**4/2 + 3*u**3 + 9*u + 6. Let l(q) = -2*m(q) - 3*v(q). Calculate l(6).
6
Let s = 25 - 20. Let n(c) = -3 + 5*c + s*c**2 - 1 + c**2. Let h(m) = m**2 - m + 1. Let u(t) = -3*h(t) - n(t). What is u(1)?
-10
Let j be ((-3)/2)/((-6)/(-40)). Let o = 8 + j. Let y(d) be the third derivative of -d**4/12 + d**3/6 - 11*d**2. Calculate y(o).
5
Let c = -20 - -22. Let y be (-4*(3 - c))/(-2). Let d(r) = -5*r**2 - 3*r + 1. Let a(z) = 4*z**2 + 3*z - 1. Let x(w) = -4*a(w) - 3*d(w). Calculate x(y).
-9
Suppose 0 = 3*u + 10 + 2. Let j(h) = -9 + 11 - 7*h + 6*h - h. What is j(u)?
10
Let i(a) = 2*a. Suppose -3*w = -w - 3*f - 30, -3*w + 3*f + 42 = 0. Let k = w - 8. What is i(k)?
8
Let t = 42 + -38. Suppose 5*y - 3 = 2*c, c - 1 = t*y - 7. Let m(p) = -p + 4. Give m(c).
-2
Let y(f) = 960 + f**2 - 2*f**2 + 2*f**2 - 972 - 10*f. Give y(11).
-1
Let d(m) be the first derivative of -m**3/3 + 4*m**2 + 11*m + 21. Let v(h) be the first derivative of d(h). What is v(6)?
-4
Let u(x) be the third derivative of -x**6/120 + x**4/12 + x**3/6 - 63*x**2. Determine u(0).
1
Suppose 0 = 3*m - 9 - 0. Let g(x) be the first derivative of -4*x - 3/2*x**2 + 1/4*x**4 + 6 - 2/3*x**3. Determine g(m).
-4
Suppose 3*f = -5*c + 9 + 12, 5*f = -5*c + 25. Suppose -p + f*p = 0. Let t be -1 - (p - (1 + 2)). Let q(d) = d - 1. Calculate q(t).
1
Let a(g) = 2. Let c(d) = -10*d - 6. Let t(n) = -6*a(n) - 2*c(n). Let o be ((-1)/2)/(1/2). Let u be (2/6)/(o/3). Give t(u).
-20
Let h(s) = -9*s + 11. Let f(i) = -28*i + 30. Let y(d) = -5*f(d) + 16*h(d). Calculate y(7).
-2
Let k = 27 + -22. Suppose 0*h = k*h - 15. Let l(j) = -3 + j**3 + 0*j**2 - 2*j**2 - 3*j**2 + 3*j. Give l(h).
-12
Let n(v) = -v**3 + 4*v**2 + 4*v + 7. Let m = 82 + -72. Suppose 4 = -2*s, -4*t - 2*s = 3*s - m. Give n(t).
2
Let h(n) be the second derivative of -n**4/12 - 5*n**3/3 - 9*n**2/2 + 80*n. What is h(-8)?
7
Let t(b) = 3*b**3 + 2*b + 1. Let k(m) = 4*m**3 + 4*m + 2. Let l(r) = 2*k(r) - 5*t(r). Give l(-1).
8
Let c(q) = q**3 + 6*q**2 + 3. Let t be c(-6). Let n(b) = -3*b**2 + 11 + 2*b**3 - 10 - b**3. Calculate n(t).
1
Let z(u) be the first derivative of u**4/4 + 4*u**3/3 + u**2/2 - 4*u + 135. Give z(-4).
-8
Let v(l) = -11 - l**3 + 6 - 11*l**2 + 19 - 2 - 9*l. What is v(-10)?
2
Let d be (-88)/72 - (-4)/18. Let p be d*(-18 + 8/(-4)). Let f be 2/(8/p*5). Let l(w) = 18*w**2. Determine l(f).
18
Let o(w) = 6*w - 2. Suppose 25 = 10*h + 45. What is o(h)?
-14
Let c(g) = 7*g**2 - 9*g - 3. Let q(x) = 6*x**2 - 8*x - 3. Let y(h) = -5*c(h) + 6*q(h). Let s be (-18)/15*(-55)/22. Determine y(s).
-3
Let k(p) be the third derivative of -1/12*p**4 - 12*p**2 - 1/120*p**6 + 1/6*p**3 + 0 - 1/30*p**5 + 0*p. What is k(-2)?
5
Let p be (-26)/65 - 64/(-10). Let r(l) = 3 - 16 + p*l**2 - l**3 + 4 + 4*l + 0*l. What is r(6)?
15
Let f(d) = -32*d**2 - 4 + 2*d + d**3 + 36*d**2 - 3*d. Suppose -t - 8 = -5*v - 33, 3*v + 5*t - 13 = 0. Determine f(v).
0
Let y(h) = -h**2 - 8*h - 14. Let p be y(-4). Let x(o) be the first derivative of -o + 1/3*o**3 + o**p - 6. Determine x(-2).
-1
Let d(s) be the first derivative of -43*s**4/4 - s**3/3 + s + 338. Determine d(1).
-43
Let y(x) be the second derivative of -x**4/12 + x**2 + 31*x. Suppose -5*n = 5*r + 20, -n + 5*r + 20 = n. Give y(n).
2
Let a(z) = z**2 + 8*z + 5. Let b = 384 - 392. What is a(b)?
5
Suppose -x + 2*x - 3 = 0. Let b = -1 + x. Let i(c) = 2*c - c - 65 - 2*c + 64. Give i(b).
-3
Suppose 20 = 5*o, -721*j + 726*j + o = -11. Let k(z) = -z + 5*z**2 + 3 - 3*z**3 - 4*z**2 + 4*z**3. Determine k(j).
-12
Let h(x) = 7*x**2 + x + 1. Let j(p) = -p + 1 - p**3 - 3*p + p**2 + 10*p + 4*p**2. Let n be j(6). Let q be (0 - -3)*n/(-3). Determine h(q).
7
Let i(u) = -u**3 - 7*u**2 + u + 2. Let s(b) = -26*b + 70. Let z be s(3). Give i(z).
58
Let a(s) = -2*s + 2. Let v be a(3). Let c = v + -1. Let k(u) = 6 + 57*u - 2 - 114*u + 58*u. Determine k(c).
-1
Let x be (-14)/49 + (50/14)/(-5). Let d(r) = -3*r + 2. Let j(f) = -f + 1. Let l(n) = -6*d(n) + 11*j(n). Calculate l(x).
-8
Let k(q) = 2*q - 5. Let a = -1958 - -1968. What is k(a)?
15
Let m(r) be the second derivative of 13*r**8/6720 - r**5/120 - 5*r**4/6 - 14*r. Let v(a) be the third derivative of m(a). What is v(-1)?
-14
Let x = 6 - 4. Let s(c) = 1 + c**x + 5*c + 2*c**2 - c**3 + 0*c**3 + 0*c**2. Let p = 17 + -13. Calculate s(p).
5
Let w(t) = 2*t + 4 - 4*t + 0*t - 5*t. Calculate w(4).
-24
Let g be ((-10)/(-1))/(-1 - -3). Suppose g = -2*p + 19. Suppose -p - 5 = 4*n. Let x(l) = 3*l. What is x(n)?
-9
Let t be 12 + 188/(-16) + 5/(-4). Let h(k) = -6*k**2 - 12*k - 9. Let g(f) = f**2 + f. Let j be (5/(-3))/(-1)*-3. Let s(q) = j*g(q) + t*h(q). Calculate s(-6).
3
Suppose 3*f + 6*u = 4*u + 628, 856 = 4*f - 2*u. Let b(y) = -107*y + f*y - 106*y - 3. What is b(-6)?
3
Let m(c) be the first derivative of -c**4/4 + 5*c**3/3 + 7*c - 1. Let l be 77/15 + 4/(-30). Give m(l).
7
Let d(w) be the second derivative of -w**4/12 - w**3/6 + w**2 - 4*w + 19. What is d(0)?
2
Let p(a) = -a**2 + 20*a - 92. Let z be p(7). Let l(g) = -5*g**3 - 2*g**2 + 1. Give l(z).
4
Let t(a) be the first derivative of -a**5/60 - a**4/24 - 23*a**3/3 - 9. Let g(u) be the third derivative of t(u). What is g(-2)?
3
Let a(f) = -25*f**3 + 3*f**2 - 3*f + 4. Let g(h) = -4*h**3 + h**2 - h. Let j(u) = -a(u) + 6*g(u). What is j(-4)?
-8
Suppose 0 = t + t - 10. Let c(w) = -1 + t*w + 4 + 5*w - 11*w. Determine c(3).
0
Let r(a) be the first derivative of -5*a**4/4 + a**3/3 + a**2/2 - a + 216. Suppose 4*m = 2*i + 2, 5 = 2*m - 0*m + 3*i. Determine r(m).
-4
Suppose 11 - 3 = -4*i. Let y(u) = 6*u**2 + u + 5. Let d(x) = -5*x**2 - x - 4. Let h(g) = 4*d(g) + 3*y(g). Determine h(i).
-7
Let j(m) = -m - 3. Let b be (-6 + 1)*4/10. Determine j(b).
-1
Let s = 17 + -13. Suppose 4*p - 3*p + 2*n = 0, -s*p + 5*n + 26 = 0. Let t(a) be the second derivative of -a**4/12 + 2*a**3/3 - 3*a**2 - 3*a. What is t(p)?
-6
Let i = -72 - -71. Let g(k) = -25*k**3 + 2*k**2 + k. Determine g(i).
26
Let z(b) = 5 - 972*b**2 - 981*b**2 + 1954*b**2 - b. Calculate z(0).
5
Let h(c) be the first derivative of c**2/2 - c + 107. What is h(1)?
0
Suppose -7 - 25 = -8*n. Let m(h) = 11*h**2 - 415*h + 11 - n*h**3 + 426*h + 5*h**3. Calculate m(-10).
1
Let t(b) = 5*b**3 + b. Suppose -2 + 18 = -4*o + 3*p, -3*o = 5*p - 17. Let l be -5*(6/(-15))/o. Let i be l/(-3)*(-24)/(-16). Determine t(i).
6
Let x(v) = v**3 + 26*v**2 - v - 34. Let h be -8 + 73/(-4) + (-4)/(-16). What is x(h)?
-8
Let b(w) = -7*w**3 + w**2 - 4*w - 1. Let s(j) = -2*j**2 + 18*j + 14. Let f be s(10). Let q(h) = 6*h**3 + 3*h + 1. Let v(a) = f*q(a) - 5*b(a). What is v(-5)?
-11
Let t be 54 + -43 - (1 + 6). Let i(g) = g**2 - 5*g + 1. Give i(t).
-3
Suppose 4*k + 5 = -q + 7, 4*q + 2*k = 64. Let s(x) = 2*x**2 - 38*x + 25. Give s(q).
-11
Let d(w) be the third derivative of w**7/840 - w**6/90 + w**5/120 - w**4/12 - 20*w**3/3 + 29*w**2. Let s(k) be the first derivative of d(k). Calculate s(3).
-